{"id":8933,"date":"2024-11-26T13:29:55","date_gmt":"2024-11-26T12:29:55","guid":{"rendered":"https:\/\/www.huurreiberica.com\/?post_type=proyecto&#038;p=8933"},"modified":"2026-08-13T10:36:26","modified_gmt":"2026-08-13T08:36:26","slug":"dolce-vita","status":"publish","type":"proyecto","link":"https:\/\/www.huurreiberica.com\/fr\/projet\/dolce-vita\/","title":{"rendered":"Dolce vita"},"content":{"rendered":"\n<p>Dolce Vita, un centre commercial de 11 000 m\u00b2 situ\u00e9 au Portugal, a int\u00e9gr\u00e9 le panneau de fa\u00e7ade lisse <a href=\"https:\/\/www.huurreiberica.com\/fr\/produit\/panneau-hi-st-facade\/\" target=\"_blank\" rel=\"noreferrer noopener\">HI-STL<\/a> pour l&rsquo;enveloppe du b\u00e2timent. Cette solution contribue \u00e0 une esth\u00e9tique homog\u00e8ne et contemporaine. La finition lisse du panneau a permis de cr\u00e9er une image ext\u00e9rieure moderne et coh\u00e9rente, adapt\u00e9e aux besoins d&rsquo;un espace commercial de grande envergure.<\/p>\n","protected":false},"featured_media":4044,"parent":0,"template":"","meta":{"_acf_changed":false,"_oasis_is_in_workflow":0,"_oasis_original":0,"_oasis_task_priority":"2normal","_genesis_hide_title":false,"_genesis_hide_breadcrumbs":false,"_genesis_hide_singular_image":false,"_genesis_hide_footer_widgets":false,"_genesis_custom_body_class":"","_genesis_custom_post_class":"","_genesis_layout":"","footnotes":""},"categoria-proyecto":[248],"class_list":{"0":"post-8933","1":"proyecto","2":"type-proyecto","3":"status-publish","4":"has-post-thumbnail","6":"categoria-proyecto-commercial-fr","7":"entry"},"acf":[],"yoast_head":"<!-- This site is optimized with the Yoast SEO plugin v27.3 - https:\/\/yoast.com\/product\/yoast-seo-wordpress\/ -->\n<title>Projets Huurre - Centre commercial Dolce Vita<\/title>\n<meta name=\"description\" content=\"Dolce Vita, un centre commercial de 11 000 m\u00b2 situ\u00e9 au Portugal, a int\u00e9gr\u00e9 le panneau de fa\u00e7ade lisse HI-STL pour l&#039;enveloppe du b\u00e2timent.\" \/>\n<meta name=\"robots\" content=\"index, follow, max-snippet:-1, max-image-preview:large, max-video-preview:-1\" \/>\n<link rel=\"canonical\" href=\"https:\/\/www.huurreiberica.com\/fr\/projet\/dolce-vita\/\" \/>\n<meta property=\"og:locale\" content=\"fr_FR\" \/>\n<meta property=\"og:type\" content=\"article\" \/>\n<meta property=\"og:title\" content=\"Projets Huurre - Centre commercial Dolce Vita\" \/>\n<meta property=\"og:description\" content=\"Dolce Vita, un centre commercial de 11 000 m\u00b2 situ\u00e9 au Portugal, a int\u00e9gr\u00e9 le panneau de fa\u00e7ade lisse HI-STL pour l&#039;enveloppe du b\u00e2timent.\" \/>\n<meta property=\"og:url\" content=\"https:\/\/www.huurreiberica.com\/fr\/projet\/dolce-vita\/\" \/>\n<meta property=\"og:site_name\" content=\"Huurre\" \/>\n<meta property=\"article:modified_time\" content=\"2026-08-13T08:36:26+00:00\" \/>\n<meta property=\"og:image\" content=\"https:\/\/www.huurreiberica.com\/wp-content\/uploads\/2024\/02\/DolceVita1-4.jpg\" \/>\n\t<meta property=\"og:image:width\" content=\"1800\" \/>\n\t<meta property=\"og:image:height\" content=\"1200\" \/>\n\t<meta property=\"og:image:type\" content=\"image\/jpeg\" \/>\n<meta name=\"twitter:card\" content=\"summary_large_image\" \/>\n<meta name=\"twitter:label1\" content=\"Dur\u00e9e de lecture estim\u00e9e\" \/>\n\t<meta name=\"twitter:data1\" content=\"1 minute\" \/>\n<script type=\"application\/ld+json\" class=\"yoast-schema-graph\">{\"@context\":\"https:\\\/\\\/schema.org\",\"@graph\":[{\"@type\":\"WebPage\",\"@id\":\"https:\\\/\\\/www.huurreiberica.com\\\/fr\\\/projet\\\/dolce-vita\\\/\",\"url\":\"https:\\\/\\\/www.huurreiberica.com\\\/fr\\\/projet\\\/dolce-vita\\\/\",\"name\":\"Projets Huurre - Centre commercial Dolce Vita\",\"isPartOf\":{\"@id\":\"https:\\\/\\\/www.huurreiberica.com\\\/fr\\\/#website\"},\"primaryImageOfPage\":{\"@id\":\"https:\\\/\\\/www.huurreiberica.com\\\/fr\\\/projet\\\/dolce-vita\\\/#primaryimage\"},\"image\":{\"@id\":\"https:\\\/\\\/www.huurreiberica.com\\\/fr\\\/projet\\\/dolce-vita\\\/#primaryimage\"},\"thumbnailUrl\":\"https:\\\/\\\/www.huurreiberica.com\\\/wp-content\\\/uploads\\\/2024\\\/02\\\/DolceVita1-4.jpg\",\"datePublished\":\"2024-11-26T12:29:55+00:00\",\"dateModified\":\"2026-08-13T08:36:26+00:00\",\"description\":\"Dolce Vita, un centre commercial de 11 000 m\u00b2 situ\u00e9 au Portugal, a int\u00e9gr\u00e9 le panneau de fa\u00e7ade lisse HI-STL pour l'enveloppe du b\u00e2timent.\",\"breadcrumb\":{\"@id\":\"https:\\\/\\\/www.huurreiberica.com\\\/fr\\\/projet\\\/dolce-vita\\\/#breadcrumb\"},\"inLanguage\":\"fr-FR\",\"potentialAction\":[{\"@type\":\"ReadAction\",\"target\":[\"https:\\\/\\\/www.huurreiberica.com\\\/fr\\\/projet\\\/dolce-vita\\\/\"]}]},{\"@type\":\"ImageObject\",\"inLanguage\":\"fr-FR\",\"@id\":\"https:\\\/\\\/www.huurreiberica.com\\\/fr\\\/projet\\\/dolce-vita\\\/#primaryimage\",\"url\":\"https:\\\/\\\/www.huurreiberica.com\\\/wp-content\\\/uploads\\\/2024\\\/02\\\/DolceVita1-4.jpg\",\"contentUrl\":\"https:\\\/\\\/www.huurreiberica.com\\\/wp-content\\\/uploads\\\/2024\\\/02\\\/DolceVita1-4.jpg\",\"width\":1800,\"height\":1200},{\"@type\":\"BreadcrumbList\",\"@id\":\"https:\\\/\\\/www.huurreiberica.com\\\/fr\\\/projet\\\/dolce-vita\\\/#breadcrumb\",\"itemListElement\":[{\"@type\":\"ListItem\",\"position\":1,\"name\":\"Home\",\"item\":\"https:\\\/\\\/www.huurreiberica.com\\\/fr\\\/\"},{\"@type\":\"ListItem\",\"position\":2,\"name\":\"Proyectos\",\"item\":\"https:\\\/\\\/www.huurreiberica.com\\\/fr\\\/projet\\\/\"},{\"@type\":\"ListItem\",\"position\":3,\"name\":\"Commercial\",\"item\":\"https:\\\/\\\/www.huurreiberica.com\\\/fr\\\/categorie-projet\\\/commercial-fr\\\/\"},{\"@type\":\"ListItem\",\"position\":4,\"name\":\"Dolce vita\"}]},{\"@type\":\"WebSite\",\"@id\":\"https:\\\/\\\/www.huurreiberica.com\\\/fr\\\/#website\",\"url\":\"https:\\\/\\\/www.huurreiberica.com\\\/fr\\\/\",\"name\":\"Huurre\",\"description\":\"Paneles aislantes para edificios eficientes y sostenibles | Fabricamos paneles para fachadas, paredes interiores,\",\"potentialAction\":[{\"@type\":\"SearchAction\",\"target\":{\"@type\":\"EntryPoint\",\"urlTemplate\":\"https:\\\/\\\/www.huurreiberica.com\\\/fr\\\/?s={search_term_string}\"},\"query-input\":{\"@type\":\"PropertyValueSpecification\",\"valueRequired\":true,\"valueName\":\"search_term_string\"}}],\"inLanguage\":\"fr-FR\"}]}<\/script>\n<!-- \/ Yoast SEO plugin. -->","yoast_head_json":{"title":"Projets Huurre - Centre commercial Dolce Vita","description":"Dolce Vita, un centre commercial de 11 000 m\u00b2 situ\u00e9 au Portugal, a int\u00e9gr\u00e9 le panneau de fa\u00e7ade lisse HI-STL pour l'enveloppe du b\u00e2timent.","robots":{"index":"index","follow":"follow","max-snippet":"max-snippet:-1","max-image-preview":"max-image-preview:large","max-video-preview":"max-video-preview:-1"},"canonical":"https:\/\/www.huurreiberica.com\/fr\/projet\/dolce-vita\/","og_locale":"fr_FR","og_type":"article","og_title":"Projets Huurre - Centre commercial Dolce Vita","og_description":"Dolce Vita, un centre commercial de 11 000 m\u00b2 situ\u00e9 au Portugal, a int\u00e9gr\u00e9 le panneau de fa\u00e7ade lisse HI-STL pour l'enveloppe du b\u00e2timent.","og_url":"https:\/\/www.huurreiberica.com\/fr\/projet\/dolce-vita\/","og_site_name":"Huurre","article_modified_time":"2026-08-13T08:36:26+00:00","og_image":[{"width":1800,"height":1200,"url":"https:\/\/www.huurreiberica.com\/wp-content\/uploads\/2024\/02\/DolceVita1-4.jpg","type":"image\/jpeg"}],"twitter_card":"summary_large_image","twitter_misc":{"Dur\u00e9e de lecture estim\u00e9e":"1 minute"},"schema":{"@context":"https:\/\/schema.org","@graph":[{"@type":"WebPage","@id":"https:\/\/www.huurreiberica.com\/fr\/projet\/dolce-vita\/","url":"https:\/\/www.huurreiberica.com\/fr\/projet\/dolce-vita\/","name":"Projets Huurre - Centre commercial Dolce Vita","isPartOf":{"@id":"https:\/\/www.huurreiberica.com\/fr\/#website"},"primaryImageOfPage":{"@id":"https:\/\/www.huurreiberica.com\/fr\/projet\/dolce-vita\/#primaryimage"},"image":{"@id":"https:\/\/www.huurreiberica.com\/fr\/projet\/dolce-vita\/#primaryimage"},"thumbnailUrl":"https:\/\/www.huurreiberica.com\/wp-content\/uploads\/2024\/02\/DolceVita1-4.jpg","datePublished":"2024-11-26T12:29:55+00:00","dateModified":"2026-08-13T08:36:26+00:00","description":"Dolce Vita, un centre commercial de 11 000 m\u00b2 situ\u00e9 au Portugal, a int\u00e9gr\u00e9 le panneau de fa\u00e7ade lisse HI-STL pour l'enveloppe du b\u00e2timent.","breadcrumb":{"@id":"https:\/\/www.huurreiberica.com\/fr\/projet\/dolce-vita\/#breadcrumb"},"inLanguage":"fr-FR","potentialAction":[{"@type":"ReadAction","target":["https:\/\/www.huurreiberica.com\/fr\/projet\/dolce-vita\/"]}]},{"@type":"ImageObject","inLanguage":"fr-FR","@id":"https:\/\/www.huurreiberica.com\/fr\/projet\/dolce-vita\/#primaryimage","url":"https:\/\/www.huurreiberica.com\/wp-content\/uploads\/2024\/02\/DolceVita1-4.jpg","contentUrl":"https:\/\/www.huurreiberica.com\/wp-content\/uploads\/2024\/02\/DolceVita1-4.jpg","width":1800,"height":1200},{"@type":"BreadcrumbList","@id":"https:\/\/www.huurreiberica.com\/fr\/projet\/dolce-vita\/#breadcrumb","itemListElement":[{"@type":"ListItem","position":1,"name":"Home","item":"https:\/\/www.huurreiberica.com\/fr\/"},{"@type":"ListItem","position":2,"name":"Proyectos","item":"https:\/\/www.huurreiberica.com\/fr\/projet\/"},{"@type":"ListItem","position":3,"name":"Commercial","item":"https:\/\/www.huurreiberica.com\/fr\/categorie-projet\/commercial-fr\/"},{"@type":"ListItem","position":4,"name":"Dolce vita"}]},{"@type":"WebSite","@id":"https:\/\/www.huurreiberica.com\/fr\/#website","url":"https:\/\/www.huurreiberica.com\/fr\/","name":"Huurre","description":"Paneles aislantes para edificios eficientes y sostenibles | Fabricamos paneles para fachadas, paredes interiores,","potentialAction":[{"@type":"SearchAction","target":{"@type":"EntryPoint","urlTemplate":"https:\/\/www.huurreiberica.com\/fr\/?s={search_term_string}"},"query-input":{"@type":"PropertyValueSpecification","valueRequired":true,"valueName":"search_term_string"}}],"inLanguage":"fr-FR"}]}},"_links":{"self":[{"href":"https:\/\/www.huurreiberica.com\/fr\/wp-json\/wp\/v2\/proyecto\/8933","targetHints":{"allow":["GET"]}}],"collection":[{"href":"https:\/\/www.huurreiberica.com\/fr\/wp-json\/wp\/v2\/proyecto"}],"about":[{"href":"https:\/\/www.huurreiberica.com\/fr\/wp-json\/wp\/v2\/types\/proyecto"}],"version-history":[{"count":3,"href":"https:\/\/www.huurreiberica.com\/fr\/wp-json\/wp\/v2\/proyecto\/8933\/revisions"}],"predecessor-version":[{"id":21365,"href":"https:\/\/www.huurreiberica.com\/fr\/wp-json\/wp\/v2\/proyecto\/8933\/revisions\/21365"}],"wp:featuredmedia":[{"embeddable":true,"href":"https:\/\/www.huurreiberica.com\/fr\/wp-json\/wp\/v2\/media\/4044"}],"wp:attachment":[{"href":"https:\/\/www.huurreiberica.com\/fr\/wp-json\/wp\/v2\/media?parent=8933"}],"wp:term":[{"taxonomy":"categoria-proyecto","embeddable":true,"href":"https:\/\/www.huurreiberica.com\/fr\/wp-json\/wp\/v2\/categoria-proyecto?post=8933"}],"curies":[{"name":"wp","href":"https:\/\/api.w.org\/{rel}","templated":true}]}}

<p>Dolce Vita, un centre commercial de 11 000 m² situé au Portugal, a intégré le panneau de façade lisse <a href="https://www.huurreiberica.com/fr/produit/panneau-hi-st-facade/" target="_blank" rel="noreferrer noopener">HI-STL</a> pour l&rsquo;enveloppe du bâtiment. Cette solution contribue à une esthétique homogène et contemporaine. La finition lisse du panneau a permis de créer une image extérieure moderne et cohérente, adaptée aux besoins d&rsquo;un espace commercial de grande envergure.</p>

<!-- This site is optimized with the Yoast SEO plugin v27.3 - https://yoast.com/product/yoast-seo-wordpress/ -->
<title>Projets Huurre - Centre commercial Dolce Vita</title>
<meta name="description" content="Dolce Vita, un centre commercial de 11 000 m² situé au Portugal, a intégré le panneau de façade lisse HI-STL pour l&#039;enveloppe du bâtiment." />
<meta name="robots" content="index, follow, max-snippet:-1, max-image-preview:large, max-video-preview:-1" />
<link rel="canonical" href="https://www.huurreiberica.com/fr/projet/dolce-vita/" />
<meta property="og:locale" content="fr_FR" />
<meta property="og:type" content="article" />
<meta property="og:title" content="Projets Huurre - Centre commercial Dolce Vita" />
<meta property="og:description" content="Dolce Vita, un centre commercial de 11 000 m² situé au Portugal, a intégré le panneau de façade lisse HI-STL pour l&#039;enveloppe du bâtiment." />
<meta property="og:url" content="https://www.huurreiberica.com/fr/projet/dolce-vita/" />
<meta property="og:site_name" content="Huurre" />
<meta property="article:modified_time" content="2026-08-13T08:36:26+00:00" />
<meta property="og:image" content="https://www.huurreiberica.com/wp-content/uploads/2024/02/DolceVita1-4.jpg" />
	<meta property="og:image:width" content="1800" />
	<meta property="og:image:height" content="1200" />
	<meta property="og:image:type" content="image/jpeg" />
<meta name="twitter:card" content="summary_large_image" />
<meta name="twitter:label1" content="Durée de lecture estimée" />
	<meta name="twitter:data1" content="1 minute" />
<script type="application/ld+json" class="yoast-schema-graph">{"@context":"https:\/\/schema.org","@graph":[{"@type":"WebPage","@id":"https:\/\/www.huurreiberica.com\/fr\/projet\/dolce-vita\/","url":"https:\/\/www.huurreiberica.com\/fr\/projet\/dolce-vita\/","name":"Projets Huurre - Centre commercial Dolce Vita","isPartOf":{"@id":"https:\/\/www.huurreiberica.com\/fr\/#website"},"primaryImageOfPage":{"@id":"https:\/\/www.huurreiberica.com\/fr\/projet\/dolce-vita\/#primaryimage"},"image":{"@id":"https:\/\/www.huurreiberica.com\/fr\/projet\/dolce-vita\/#primaryimage"},"thumbnailUrl":"https:\/\/www.huurreiberica.com\/wp-content\/uploads\/2024\/02\/DolceVita1-4.jpg","datePublished":"2024-11-26T12:29:55+00:00","dateModified":"2026-08-13T08:36:26+00:00","description":"Dolce Vita, un centre commercial de 11 000 m² situé au Portugal, a intégré le panneau de façade lisse HI-STL pour l'enveloppe du bâtiment.","breadcrumb":{"@id":"https:\/\/www.huurreiberica.com\/fr\/projet\/dolce-vita\/#breadcrumb"},"inLanguage":"fr-FR","potentialAction":[{"@type":"ReadAction","target":["https:\/\/www.huurreiberica.com\/fr\/projet\/dolce-vita\/"]}]},{"@type":"ImageObject","inLanguage":"fr-FR","@id":"https:\/\/www.huurreiberica.com\/fr\/projet\/dolce-vita\/#primaryimage","url":"https:\/\/www.huurreiberica.com\/wp-content\/uploads\/2024\/02\/DolceVita1-4.jpg","contentUrl":"https:\/\/www.huurreiberica.com\/wp-content\/uploads\/2024\/02\/DolceVita1-4.jpg","width":1800,"height":1200},{"@type":"BreadcrumbList","@id":"https:\/\/www.huurreiberica.com\/fr\/projet\/dolce-vita\/#breadcrumb","itemListElement":[{"@type":"ListItem","position":1,"name":"Home","item":"https:\/\/www.huurreiberica.com\/fr\/"},{"@type":"ListItem","position":2,"name":"Proyectos","item":"https:\/\/www.huurreiberica.com\/fr\/projet\/"},{"@type":"ListItem","position":3,"name":"Commercial","item":"https:\/\/www.huurreiberica.com\/fr\/categorie-projet\/commercial-fr\/"},{"@type":"ListItem","position":4,"name":"Dolce vita"}]},{"@type":"WebSite","@id":"https:\/\/www.huurreiberica.com\/fr\/#website","url":"https:\/\/www.huurreiberica.com\/fr\/","name":"Huurre","description":"Paneles aislantes para edificios eficientes y sostenibles | Fabricamos paneles para fachadas, paredes interiores,","potentialAction":[{"@type":"SearchAction","target":{"@type":"EntryPoint","urlTemplate":"https:\/\/www.huurreiberica.com\/fr\/?s={search_term_string}"},"query-input":{"@type":"PropertyValueSpecification","valueRequired":true,"valueName":"search_term_string"}}],"inLanguage":"fr-FR"}]}</script>
<!-- / Yoast SEO plugin. -->

Dolce Vita, un centre commercial de 11 000 m² situé au Portugal, a intégré le panneau de façade lisse HI-STL pour l'enveloppe du bâtiment.
