{"id":8917,"date":"2024-11-26T13:29:33","date_gmt":"2024-11-26T12:29:33","guid":{"rendered":"https:\/\/www.huurreiberica.com\/?post_type=proyecto&#038;p=8917"},"modified":"2026-08-13T10:33:05","modified_gmt":"2026-08-13T08:33:05","slug":"centro-de-juventude","status":"publish","type":"proyecto","link":"https:\/\/www.huurreiberica.com\/pt-pt\/projeto\/centro-de-juventude\/","title":{"rendered":"Centro de juventude"},"content":{"rendered":"\n<p>O Centro Social para jovens de Riudellots, com uma \u00e1rea de 300 m\u00b2, incorporou o painel de fachada liso <a href=\"https:\/\/www.huurreiberica.com\/pt-pt\/produto\/painel-hi-st-fachada\/\" target=\"_blank\" rel=\"noreferrer noopener\">HI-STL<\/a> na execu\u00e7\u00e3o do seu revestimento exterior. Esta solu\u00e7\u00e3o contribuiu para concretizar uma imagem arquitet\u00f3nica moderna e funcional, em conson\u00e2ncia com o car\u00e1ter comunit\u00e1rio do edif\u00edcio.<\/p>\n\n\n\n<p><\/p>\n","protected":false},"featured_media":4284,"parent":0,"template":"","meta":{"_acf_changed":false,"_oasis_is_in_workflow":0,"_oasis_original":0,"_oasis_task_priority":"2normal","_genesis_hide_title":false,"_genesis_hide_breadcrumbs":false,"_genesis_hide_singular_image":false,"_genesis_hide_footer_widgets":false,"_genesis_custom_body_class":"","_genesis_custom_post_class":"","_genesis_layout":"","footnotes":""},"categoria-proyecto":[253,255],"class_list":{"0":"post-8917","1":"proyecto","2":"type-proyecto","3":"status-publish","4":"has-post-thumbnail","6":"categoria-proyecto-obra-publica-pt","7":"categoria-proyecto-terciario-pt","8":"entry"},"acf":[],"yoast_head":"<!-- This site is optimized with the Yoast SEO plugin v27.3 - https:\/\/yoast.com\/product\/yoast-seo-wordpress\/ -->\n<title>Projetos Huurre - Centro Social para Jovens<\/title>\n<meta name=\"description\" content=\"O Centro Social para Jovens de Riudellots incorporou o painel de fachada liso HI-STL na execu\u00e7\u00e3o do seu revestimento exterior.\" \/>\n<meta name=\"robots\" content=\"index, follow, max-snippet:-1, max-image-preview:large, max-video-preview:-1\" \/>\n<link rel=\"canonical\" href=\"https:\/\/www.huurreiberica.com\/pt-pt\/projeto\/centro-de-juventude\/\" \/>\n<meta property=\"og:locale\" content=\"pt_PT\" \/>\n<meta property=\"og:type\" content=\"article\" \/>\n<meta property=\"og:title\" content=\"Projetos Huurre - Centro Social para Jovens\" \/>\n<meta property=\"og:description\" content=\"O Centro Social para Jovens de Riudellots incorporou o painel de fachada liso HI-STL na execu\u00e7\u00e3o do seu revestimento exterior.\" \/>\n<meta property=\"og:url\" content=\"https:\/\/www.huurreiberica.com\/pt-pt\/projeto\/centro-de-juventude\/\" \/>\n<meta property=\"og:site_name\" content=\"Huurre\" \/>\n<meta property=\"article:modified_time\" content=\"2026-08-13T08:33:05+00:00\" \/>\n<meta property=\"og:image\" content=\"https:\/\/www.huurreiberica.com\/wp-content\/uploads\/2024\/02\/Cj1-3.jpg\" \/>\n\t<meta property=\"og:image:width\" content=\"1800\" \/>\n\t<meta property=\"og:image:height\" content=\"1200\" \/>\n\t<meta property=\"og:image:type\" content=\"image\/jpeg\" \/>\n<meta name=\"twitter:card\" content=\"summary_large_image\" \/>\n<meta name=\"twitter:label1\" content=\"Tempo estimado de leitura\" \/>\n\t<meta name=\"twitter:data1\" content=\"1 minuto\" \/>\n<script type=\"application\/ld+json\" class=\"yoast-schema-graph\">{\"@context\":\"https:\\\/\\\/schema.org\",\"@graph\":[{\"@type\":\"WebPage\",\"@id\":\"https:\\\/\\\/www.huurreiberica.com\\\/pt-pt\\\/projeto\\\/centro-de-juventude\\\/\",\"url\":\"https:\\\/\\\/www.huurreiberica.com\\\/pt-pt\\\/projeto\\\/centro-de-juventude\\\/\",\"name\":\"Projetos Huurre - Centro Social para Jovens\",\"isPartOf\":{\"@id\":\"https:\\\/\\\/www.huurreiberica.com\\\/pt-pt\\\/#website\"},\"primaryImageOfPage\":{\"@id\":\"https:\\\/\\\/www.huurreiberica.com\\\/pt-pt\\\/projeto\\\/centro-de-juventude\\\/#primaryimage\"},\"image\":{\"@id\":\"https:\\\/\\\/www.huurreiberica.com\\\/pt-pt\\\/projeto\\\/centro-de-juventude\\\/#primaryimage\"},\"thumbnailUrl\":\"https:\\\/\\\/www.huurreiberica.com\\\/wp-content\\\/uploads\\\/2024\\\/02\\\/Cj1-3.jpg\",\"datePublished\":\"2024-11-26T12:29:33+00:00\",\"dateModified\":\"2026-08-13T08:33:05+00:00\",\"description\":\"O Centro Social para Jovens de Riudellots incorporou o painel de fachada liso HI-STL na execu\u00e7\u00e3o do seu revestimento exterior.\",\"breadcrumb\":{\"@id\":\"https:\\\/\\\/www.huurreiberica.com\\\/pt-pt\\\/projeto\\\/centro-de-juventude\\\/#breadcrumb\"},\"inLanguage\":\"pt-PT\",\"potentialAction\":[{\"@type\":\"ReadAction\",\"target\":[\"https:\\\/\\\/www.huurreiberica.com\\\/pt-pt\\\/projeto\\\/centro-de-juventude\\\/\"]}]},{\"@type\":\"ImageObject\",\"inLanguage\":\"pt-PT\",\"@id\":\"https:\\\/\\\/www.huurreiberica.com\\\/pt-pt\\\/projeto\\\/centro-de-juventude\\\/#primaryimage\",\"url\":\"https:\\\/\\\/www.huurreiberica.com\\\/wp-content\\\/uploads\\\/2024\\\/02\\\/Cj1-3.jpg\",\"contentUrl\":\"https:\\\/\\\/www.huurreiberica.com\\\/wp-content\\\/uploads\\\/2024\\\/02\\\/Cj1-3.jpg\",\"width\":1800,\"height\":1200},{\"@type\":\"BreadcrumbList\",\"@id\":\"https:\\\/\\\/www.huurreiberica.com\\\/pt-pt\\\/projeto\\\/centro-de-juventude\\\/#breadcrumb\",\"itemListElement\":[{\"@type\":\"ListItem\",\"position\":1,\"name\":\"Home\",\"item\":\"https:\\\/\\\/www.huurreiberica.com\\\/pt-pt\\\/\"},{\"@type\":\"ListItem\",\"position\":2,\"name\":\"Proyectos\",\"item\":\"https:\\\/\\\/www.huurreiberica.com\\\/pt-pt\\\/projeto\\\/\"},{\"@type\":\"ListItem\",\"position\":3,\"name\":\"Obra p\u00fablica\",\"item\":\"https:\\\/\\\/www.huurreiberica.com\\\/pt-pt\\\/categoria-projeto\\\/obra-publica-pt\\\/\"},{\"@type\":\"ListItem\",\"position\":4,\"name\":\"Centro de juventude\"}]},{\"@type\":\"WebSite\",\"@id\":\"https:\\\/\\\/www.huurreiberica.com\\\/pt-pt\\\/#website\",\"url\":\"https:\\\/\\\/www.huurreiberica.com\\\/pt-pt\\\/\",\"name\":\"Huurre\",\"description\":\"Paneles aislantes para edificios eficientes y sostenibles | Fabricamos paneles para fachadas, paredes interiores,\",\"potentialAction\":[{\"@type\":\"SearchAction\",\"target\":{\"@type\":\"EntryPoint\",\"urlTemplate\":\"https:\\\/\\\/www.huurreiberica.com\\\/pt-pt\\\/?s={search_term_string}\"},\"query-input\":{\"@type\":\"PropertyValueSpecification\",\"valueRequired\":true,\"valueName\":\"search_term_string\"}}],\"inLanguage\":\"pt-PT\"}]}<\/script>\n<!-- \/ Yoast SEO plugin. -->","yoast_head_json":{"title":"Projetos Huurre - Centro Social para Jovens","description":"O Centro Social para Jovens de Riudellots incorporou o painel de fachada liso HI-STL na execu\u00e7\u00e3o do seu revestimento exterior.","robots":{"index":"index","follow":"follow","max-snippet":"max-snippet:-1","max-image-preview":"max-image-preview:large","max-video-preview":"max-video-preview:-1"},"canonical":"https:\/\/www.huurreiberica.com\/pt-pt\/projeto\/centro-de-juventude\/","og_locale":"pt_PT","og_type":"article","og_title":"Projetos Huurre - Centro Social para Jovens","og_description":"O Centro Social para Jovens de Riudellots incorporou o painel de fachada liso HI-STL na execu\u00e7\u00e3o do seu revestimento exterior.","og_url":"https:\/\/www.huurreiberica.com\/pt-pt\/projeto\/centro-de-juventude\/","og_site_name":"Huurre","article_modified_time":"2026-08-13T08:33:05+00:00","og_image":[{"width":1800,"height":1200,"url":"https:\/\/www.huurreiberica.com\/wp-content\/uploads\/2024\/02\/Cj1-3.jpg","type":"image\/jpeg"}],"twitter_card":"summary_large_image","twitter_misc":{"Tempo estimado de leitura":"1 minuto"},"schema":{"@context":"https:\/\/schema.org","@graph":[{"@type":"WebPage","@id":"https:\/\/www.huurreiberica.com\/pt-pt\/projeto\/centro-de-juventude\/","url":"https:\/\/www.huurreiberica.com\/pt-pt\/projeto\/centro-de-juventude\/","name":"Projetos Huurre - Centro Social para Jovens","isPartOf":{"@id":"https:\/\/www.huurreiberica.com\/pt-pt\/#website"},"primaryImageOfPage":{"@id":"https:\/\/www.huurreiberica.com\/pt-pt\/projeto\/centro-de-juventude\/#primaryimage"},"image":{"@id":"https:\/\/www.huurreiberica.com\/pt-pt\/projeto\/centro-de-juventude\/#primaryimage"},"thumbnailUrl":"https:\/\/www.huurreiberica.com\/wp-content\/uploads\/2024\/02\/Cj1-3.jpg","datePublished":"2024-11-26T12:29:33+00:00","dateModified":"2026-08-13T08:33:05+00:00","description":"O Centro Social para Jovens de Riudellots incorporou o painel de fachada liso HI-STL na execu\u00e7\u00e3o do seu revestimento exterior.","breadcrumb":{"@id":"https:\/\/www.huurreiberica.com\/pt-pt\/projeto\/centro-de-juventude\/#breadcrumb"},"inLanguage":"pt-PT","potentialAction":[{"@type":"ReadAction","target":["https:\/\/www.huurreiberica.com\/pt-pt\/projeto\/centro-de-juventude\/"]}]},{"@type":"ImageObject","inLanguage":"pt-PT","@id":"https:\/\/www.huurreiberica.com\/pt-pt\/projeto\/centro-de-juventude\/#primaryimage","url":"https:\/\/www.huurreiberica.com\/wp-content\/uploads\/2024\/02\/Cj1-3.jpg","contentUrl":"https:\/\/www.huurreiberica.com\/wp-content\/uploads\/2024\/02\/Cj1-3.jpg","width":1800,"height":1200},{"@type":"BreadcrumbList","@id":"https:\/\/www.huurreiberica.com\/pt-pt\/projeto\/centro-de-juventude\/#breadcrumb","itemListElement":[{"@type":"ListItem","position":1,"name":"Home","item":"https:\/\/www.huurreiberica.com\/pt-pt\/"},{"@type":"ListItem","position":2,"name":"Proyectos","item":"https:\/\/www.huurreiberica.com\/pt-pt\/projeto\/"},{"@type":"ListItem","position":3,"name":"Obra p\u00fablica","item":"https:\/\/www.huurreiberica.com\/pt-pt\/categoria-projeto\/obra-publica-pt\/"},{"@type":"ListItem","position":4,"name":"Centro de juventude"}]},{"@type":"WebSite","@id":"https:\/\/www.huurreiberica.com\/pt-pt\/#website","url":"https:\/\/www.huurreiberica.com\/pt-pt\/","name":"Huurre","description":"Paneles aislantes para edificios eficientes y sostenibles | Fabricamos paneles para fachadas, paredes interiores,","potentialAction":[{"@type":"SearchAction","target":{"@type":"EntryPoint","urlTemplate":"https:\/\/www.huurreiberica.com\/pt-pt\/?s={search_term_string}"},"query-input":{"@type":"PropertyValueSpecification","valueRequired":true,"valueName":"search_term_string"}}],"inLanguage":"pt-PT"}]}},"_links":{"self":[{"href":"https:\/\/www.huurreiberica.com\/pt-pt\/wp-json\/wp\/v2\/proyecto\/8917","targetHints":{"allow":["GET"]}}],"collection":[{"href":"https:\/\/www.huurreiberica.com\/pt-pt\/wp-json\/wp\/v2\/proyecto"}],"about":[{"href":"https:\/\/www.huurreiberica.com\/pt-pt\/wp-json\/wp\/v2\/types\/proyecto"}],"version-history":[{"count":3,"href":"https:\/\/www.huurreiberica.com\/pt-pt\/wp-json\/wp\/v2\/proyecto\/8917\/revisions"}],"predecessor-version":[{"id":21361,"href":"https:\/\/www.huurreiberica.com\/pt-pt\/wp-json\/wp\/v2\/proyecto\/8917\/revisions\/21361"}],"wp:featuredmedia":[{"embeddable":true,"href":"https:\/\/www.huurreiberica.com\/pt-pt\/wp-json\/wp\/v2\/media\/4284"}],"wp:attachment":[{"href":"https:\/\/www.huurreiberica.com\/pt-pt\/wp-json\/wp\/v2\/media?parent=8917"}],"wp:term":[{"taxonomy":"categoria-proyecto","embeddable":true,"href":"https:\/\/www.huurreiberica.com\/pt-pt\/wp-json\/wp\/v2\/categoria-proyecto?post=8917"}],"curies":[{"name":"wp","href":"https:\/\/api.w.org\/{rel}","templated":true}]}}

<p>O Centro Social para jovens de Riudellots, com uma área de 300 m², incorporou o painel de fachada liso <a href="https://www.huurreiberica.com/pt-pt/produto/painel-hi-st-fachada/" target="_blank" rel="noreferrer noopener">HI-STL</a> na execução do seu revestimento exterior. Esta solução contribuiu para concretizar uma imagem arquitetónica moderna e funcional, em consonância com o caráter comunitário do edifício.</p>



<p></p>

<!-- This site is optimized with the Yoast SEO plugin v27.3 - https://yoast.com/product/yoast-seo-wordpress/ -->
<title>Projetos Huurre - Centro Social para Jovens</title>
<meta name="description" content="O Centro Social para Jovens de Riudellots incorporou o painel de fachada liso HI-STL na execução do seu revestimento exterior." />
<meta name="robots" content="index, follow, max-snippet:-1, max-image-preview:large, max-video-preview:-1" />
<link rel="canonical" href="https://www.huurreiberica.com/pt-pt/projeto/centro-de-juventude/" />
<meta property="og:locale" content="pt_PT" />
<meta property="og:type" content="article" />
<meta property="og:title" content="Projetos Huurre - Centro Social para Jovens" />
<meta property="og:description" content="O Centro Social para Jovens de Riudellots incorporou o painel de fachada liso HI-STL na execução do seu revestimento exterior." />
<meta property="og:url" content="https://www.huurreiberica.com/pt-pt/projeto/centro-de-juventude/" />
<meta property="og:site_name" content="Huurre" />
<meta property="article:modified_time" content="2026-08-13T08:33:05+00:00" />
<meta property="og:image" content="https://www.huurreiberica.com/wp-content/uploads/2024/02/Cj1-3.jpg" />
	<meta property="og:image:width" content="1800" />
	<meta property="og:image:height" content="1200" />
	<meta property="og:image:type" content="image/jpeg" />
<meta name="twitter:card" content="summary_large_image" />
<meta name="twitter:label1" content="Tempo estimado de leitura" />
	<meta name="twitter:data1" content="1 minuto" />
<script type="application/ld+json" class="yoast-schema-graph">{"@context":"https:\/\/schema.org","@graph":[{"@type":"WebPage","@id":"https:\/\/www.huurreiberica.com\/pt-pt\/projeto\/centro-de-juventude\/","url":"https:\/\/www.huurreiberica.com\/pt-pt\/projeto\/centro-de-juventude\/","name":"Projetos Huurre - Centro Social para Jovens","isPartOf":{"@id":"https:\/\/www.huurreiberica.com\/pt-pt\/#website"},"primaryImageOfPage":{"@id":"https:\/\/www.huurreiberica.com\/pt-pt\/projeto\/centro-de-juventude\/#primaryimage"},"image":{"@id":"https:\/\/www.huurreiberica.com\/pt-pt\/projeto\/centro-de-juventude\/#primaryimage"},"thumbnailUrl":"https:\/\/www.huurreiberica.com\/wp-content\/uploads\/2024\/02\/Cj1-3.jpg","datePublished":"2024-11-26T12:29:33+00:00","dateModified":"2026-08-13T08:33:05+00:00","description":"O Centro Social para Jovens de Riudellots incorporou o painel de fachada liso HI-STL na execução do seu revestimento exterior.","breadcrumb":{"@id":"https:\/\/www.huurreiberica.com\/pt-pt\/projeto\/centro-de-juventude\/#breadcrumb"},"inLanguage":"pt-PT","potentialAction":[{"@type":"ReadAction","target":["https:\/\/www.huurreiberica.com\/pt-pt\/projeto\/centro-de-juventude\/"]}]},{"@type":"ImageObject","inLanguage":"pt-PT","@id":"https:\/\/www.huurreiberica.com\/pt-pt\/projeto\/centro-de-juventude\/#primaryimage","url":"https:\/\/www.huurreiberica.com\/wp-content\/uploads\/2024\/02\/Cj1-3.jpg","contentUrl":"https:\/\/www.huurreiberica.com\/wp-content\/uploads\/2024\/02\/Cj1-3.jpg","width":1800,"height":1200},{"@type":"BreadcrumbList","@id":"https:\/\/www.huurreiberica.com\/pt-pt\/projeto\/centro-de-juventude\/#breadcrumb","itemListElement":[{"@type":"ListItem","position":1,"name":"Home","item":"https:\/\/www.huurreiberica.com\/pt-pt\/"},{"@type":"ListItem","position":2,"name":"Proyectos","item":"https:\/\/www.huurreiberica.com\/pt-pt\/projeto\/"},{"@type":"ListItem","position":3,"name":"Obra pública","item":"https:\/\/www.huurreiberica.com\/pt-pt\/categoria-projeto\/obra-publica-pt\/"},{"@type":"ListItem","position":4,"name":"Centro de juventude"}]},{"@type":"WebSite","@id":"https:\/\/www.huurreiberica.com\/pt-pt\/#website","url":"https:\/\/www.huurreiberica.com\/pt-pt\/","name":"Huurre","description":"Paneles aislantes para edificios eficientes y sostenibles | Fabricamos paneles para fachadas, paredes interiores,","potentialAction":[{"@type":"SearchAction","target":{"@type":"EntryPoint","urlTemplate":"https:\/\/www.huurreiberica.com\/pt-pt\/?s={search_term_string}"},"query-input":{"@type":"PropertyValueSpecification","valueRequired":true,"valueName":"search_term_string"}}],"inLanguage":"pt-PT"}]}</script>
<!-- / Yoast SEO plugin. -->

O Centro Social para Jovens de Riudellots incorporou o painel de fachada liso HI-STL na execução do seu revestimento exterior.

Obra pública
