{"id":8935,"date":"2024-11-26T13:29:55","date_gmt":"2024-11-26T12:29:55","guid":{"rendered":"https:\/\/www.huurreiberica.com\/?post_type=proyecto&#038;p=8935"},"modified":"2026-08-13T10:37:44","modified_gmt":"2026-08-13T08:37:44","slug":"dolce-vita","status":"publish","type":"proyecto","link":"https:\/\/www.huurreiberica.com\/pt-pt\/projeto\/dolce-vita\/","title":{"rendered":"Dolce vita"},"content":{"rendered":"\n<p>O Dolce Vita, um centro comercial com 11 000 m\u00b2 situado em Portugal, incorporou o painel de fachada liso <a href=\"https:\/\/www.huurreiberica.com\/pt-pt\/produto\/painel-hi-st-fachada\/\" target=\"_blank\" rel=\"noreferrer noopener\">HI-STL<\/a> no revestimento do edif\u00edcio. Esta solu\u00e7\u00e3o contribui para uma est\u00e9tica uniforme e contempor\u00e2nea. O acabamento liso do painel permitiu criar uma imagem exterior moderna e coerente, adaptada \u00e0s necessidades de um espa\u00e7o comercial de grande escala.<\/p>\n","protected":false},"featured_media":4042,"parent":0,"template":"","meta":{"_acf_changed":false,"_oasis_is_in_workflow":0,"_oasis_original":0,"_oasis_task_priority":"2normal","_genesis_hide_title":false,"_genesis_hide_breadcrumbs":false,"_genesis_hide_singular_image":false,"_genesis_hide_footer_widgets":false,"_genesis_custom_body_class":"","_genesis_custom_post_class":"","_genesis_layout":"","footnotes":""},"categoria-proyecto":[249],"class_list":{"0":"post-8935","1":"proyecto","2":"type-proyecto","3":"status-publish","4":"has-post-thumbnail","6":"categoria-proyecto-comercial-pt","7":"entry"},"acf":[],"yoast_head":"<!-- This site is optimized with the Yoast SEO plugin v27.3 - https:\/\/yoast.com\/product\/yoast-seo-wordpress\/ -->\n<title>Projetos Huurre - Centro Comercial Dolce Vita<\/title>\n<meta name=\"description\" content=\"O Dolce Vita, um centro comercial com 11 000 m\u00b2 situado em Portugal, incorporou o painel de fachada liso HI-STL na envolvente do edif\u00edcio.\" \/>\n<meta name=\"robots\" content=\"index, follow, max-snippet:-1, max-image-preview:large, max-video-preview:-1\" \/>\n<link rel=\"canonical\" href=\"https:\/\/www.huurreiberica.com\/pt-pt\/projeto\/dolce-vita\/\" \/>\n<meta property=\"og:locale\" content=\"pt_PT\" \/>\n<meta property=\"og:type\" content=\"article\" \/>\n<meta property=\"og:title\" content=\"Projetos Huurre - Centro Comercial Dolce Vita\" \/>\n<meta property=\"og:description\" content=\"O Dolce Vita, um centro comercial com 11 000 m\u00b2 situado em Portugal, incorporou o painel de fachada liso HI-STL na envolvente do edif\u00edcio.\" \/>\n<meta property=\"og:url\" content=\"https:\/\/www.huurreiberica.com\/pt-pt\/projeto\/dolce-vita\/\" \/>\n<meta property=\"og:site_name\" content=\"Huurre\" \/>\n<meta property=\"article:modified_time\" content=\"2026-08-13T08:37:44+00:00\" \/>\n<meta property=\"og:image\" content=\"https:\/\/www.huurreiberica.com\/wp-content\/uploads\/2024\/02\/DolceVita1-4.jpg\" \/>\n\t<meta property=\"og:image:width\" content=\"1800\" \/>\n\t<meta property=\"og:image:height\" content=\"1200\" \/>\n\t<meta property=\"og:image:type\" content=\"image\/jpeg\" \/>\n<meta name=\"twitter:card\" content=\"summary_large_image\" \/>\n<meta name=\"twitter:label1\" content=\"Tempo estimado de leitura\" \/>\n\t<meta name=\"twitter:data1\" content=\"1 minuto\" \/>\n<script type=\"application\/ld+json\" class=\"yoast-schema-graph\">{\"@context\":\"https:\\\/\\\/schema.org\",\"@graph\":[{\"@type\":\"WebPage\",\"@id\":\"https:\\\/\\\/www.huurreiberica.com\\\/pt-pt\\\/projeto\\\/dolce-vita\\\/\",\"url\":\"https:\\\/\\\/www.huurreiberica.com\\\/pt-pt\\\/projeto\\\/dolce-vita\\\/\",\"name\":\"Projetos Huurre - Centro Comercial Dolce Vita\",\"isPartOf\":{\"@id\":\"https:\\\/\\\/www.huurreiberica.com\\\/pt-pt\\\/#website\"},\"primaryImageOfPage\":{\"@id\":\"https:\\\/\\\/www.huurreiberica.com\\\/pt-pt\\\/projeto\\\/dolce-vita\\\/#primaryimage\"},\"image\":{\"@id\":\"https:\\\/\\\/www.huurreiberica.com\\\/pt-pt\\\/projeto\\\/dolce-vita\\\/#primaryimage\"},\"thumbnailUrl\":\"https:\\\/\\\/www.huurreiberica.com\\\/wp-content\\\/uploads\\\/2024\\\/02\\\/DolceVita1-4.jpg\",\"datePublished\":\"2024-11-26T12:29:55+00:00\",\"dateModified\":\"2026-08-13T08:37:44+00:00\",\"description\":\"O Dolce Vita, um centro comercial com 11 000 m\u00b2 situado em Portugal, incorporou o painel de fachada liso HI-STL na envolvente do edif\u00edcio.\",\"breadcrumb\":{\"@id\":\"https:\\\/\\\/www.huurreiberica.com\\\/pt-pt\\\/projeto\\\/dolce-vita\\\/#breadcrumb\"},\"inLanguage\":\"pt-PT\",\"potentialAction\":[{\"@type\":\"ReadAction\",\"target\":[\"https:\\\/\\\/www.huurreiberica.com\\\/pt-pt\\\/projeto\\\/dolce-vita\\\/\"]}]},{\"@type\":\"ImageObject\",\"inLanguage\":\"pt-PT\",\"@id\":\"https:\\\/\\\/www.huurreiberica.com\\\/pt-pt\\\/projeto\\\/dolce-vita\\\/#primaryimage\",\"url\":\"https:\\\/\\\/www.huurreiberica.com\\\/wp-content\\\/uploads\\\/2024\\\/02\\\/DolceVita1-4.jpg\",\"contentUrl\":\"https:\\\/\\\/www.huurreiberica.com\\\/wp-content\\\/uploads\\\/2024\\\/02\\\/DolceVita1-4.jpg\",\"width\":1800,\"height\":1200},{\"@type\":\"BreadcrumbList\",\"@id\":\"https:\\\/\\\/www.huurreiberica.com\\\/pt-pt\\\/projeto\\\/dolce-vita\\\/#breadcrumb\",\"itemListElement\":[{\"@type\":\"ListItem\",\"position\":1,\"name\":\"Home\",\"item\":\"https:\\\/\\\/www.huurreiberica.com\\\/pt-pt\\\/\"},{\"@type\":\"ListItem\",\"position\":2,\"name\":\"Proyectos\",\"item\":\"https:\\\/\\\/www.huurreiberica.com\\\/pt-pt\\\/projeto\\\/\"},{\"@type\":\"ListItem\",\"position\":3,\"name\":\"Comercial\",\"item\":\"https:\\\/\\\/www.huurreiberica.com\\\/pt-pt\\\/categoria-projeto\\\/comercial-pt\\\/\"},{\"@type\":\"ListItem\",\"position\":4,\"name\":\"Dolce vita\"}]},{\"@type\":\"WebSite\",\"@id\":\"https:\\\/\\\/www.huurreiberica.com\\\/pt-pt\\\/#website\",\"url\":\"https:\\\/\\\/www.huurreiberica.com\\\/pt-pt\\\/\",\"name\":\"Huurre\",\"description\":\"Paneles aislantes para edificios eficientes y sostenibles | Fabricamos paneles para fachadas, paredes interiores,\",\"potentialAction\":[{\"@type\":\"SearchAction\",\"target\":{\"@type\":\"EntryPoint\",\"urlTemplate\":\"https:\\\/\\\/www.huurreiberica.com\\\/pt-pt\\\/?s={search_term_string}\"},\"query-input\":{\"@type\":\"PropertyValueSpecification\",\"valueRequired\":true,\"valueName\":\"search_term_string\"}}],\"inLanguage\":\"pt-PT\"}]}<\/script>\n<!-- \/ Yoast SEO plugin. -->","yoast_head_json":{"title":"Projetos Huurre - Centro Comercial Dolce Vita","description":"O Dolce Vita, um centro comercial com 11 000 m\u00b2 situado em Portugal, incorporou o painel de fachada liso HI-STL na envolvente do edif\u00edcio.","robots":{"index":"index","follow":"follow","max-snippet":"max-snippet:-1","max-image-preview":"max-image-preview:large","max-video-preview":"max-video-preview:-1"},"canonical":"https:\/\/www.huurreiberica.com\/pt-pt\/projeto\/dolce-vita\/","og_locale":"pt_PT","og_type":"article","og_title":"Projetos Huurre - Centro Comercial Dolce Vita","og_description":"O Dolce Vita, um centro comercial com 11 000 m\u00b2 situado em Portugal, incorporou o painel de fachada liso HI-STL na envolvente do edif\u00edcio.","og_url":"https:\/\/www.huurreiberica.com\/pt-pt\/projeto\/dolce-vita\/","og_site_name":"Huurre","article_modified_time":"2026-08-13T08:37:44+00:00","og_image":[{"width":1800,"height":1200,"url":"https:\/\/www.huurreiberica.com\/wp-content\/uploads\/2024\/02\/DolceVita1-4.jpg","type":"image\/jpeg"}],"twitter_card":"summary_large_image","twitter_misc":{"Tempo estimado de leitura":"1 minuto"},"schema":{"@context":"https:\/\/schema.org","@graph":[{"@type":"WebPage","@id":"https:\/\/www.huurreiberica.com\/pt-pt\/projeto\/dolce-vita\/","url":"https:\/\/www.huurreiberica.com\/pt-pt\/projeto\/dolce-vita\/","name":"Projetos Huurre - Centro Comercial Dolce Vita","isPartOf":{"@id":"https:\/\/www.huurreiberica.com\/pt-pt\/#website"},"primaryImageOfPage":{"@id":"https:\/\/www.huurreiberica.com\/pt-pt\/projeto\/dolce-vita\/#primaryimage"},"image":{"@id":"https:\/\/www.huurreiberica.com\/pt-pt\/projeto\/dolce-vita\/#primaryimage"},"thumbnailUrl":"https:\/\/www.huurreiberica.com\/wp-content\/uploads\/2024\/02\/DolceVita1-4.jpg","datePublished":"2024-11-26T12:29:55+00:00","dateModified":"2026-08-13T08:37:44+00:00","description":"O Dolce Vita, um centro comercial com 11 000 m\u00b2 situado em Portugal, incorporou o painel de fachada liso HI-STL na envolvente do edif\u00edcio.","breadcrumb":{"@id":"https:\/\/www.huurreiberica.com\/pt-pt\/projeto\/dolce-vita\/#breadcrumb"},"inLanguage":"pt-PT","potentialAction":[{"@type":"ReadAction","target":["https:\/\/www.huurreiberica.com\/pt-pt\/projeto\/dolce-vita\/"]}]},{"@type":"ImageObject","inLanguage":"pt-PT","@id":"https:\/\/www.huurreiberica.com\/pt-pt\/projeto\/dolce-vita\/#primaryimage","url":"https:\/\/www.huurreiberica.com\/wp-content\/uploads\/2024\/02\/DolceVita1-4.jpg","contentUrl":"https:\/\/www.huurreiberica.com\/wp-content\/uploads\/2024\/02\/DolceVita1-4.jpg","width":1800,"height":1200},{"@type":"BreadcrumbList","@id":"https:\/\/www.huurreiberica.com\/pt-pt\/projeto\/dolce-vita\/#breadcrumb","itemListElement":[{"@type":"ListItem","position":1,"name":"Home","item":"https:\/\/www.huurreiberica.com\/pt-pt\/"},{"@type":"ListItem","position":2,"name":"Proyectos","item":"https:\/\/www.huurreiberica.com\/pt-pt\/projeto\/"},{"@type":"ListItem","position":3,"name":"Comercial","item":"https:\/\/www.huurreiberica.com\/pt-pt\/categoria-projeto\/comercial-pt\/"},{"@type":"ListItem","position":4,"name":"Dolce vita"}]},{"@type":"WebSite","@id":"https:\/\/www.huurreiberica.com\/pt-pt\/#website","url":"https:\/\/www.huurreiberica.com\/pt-pt\/","name":"Huurre","description":"Paneles aislantes para edificios eficientes y sostenibles | Fabricamos paneles para fachadas, paredes interiores,","potentialAction":[{"@type":"SearchAction","target":{"@type":"EntryPoint","urlTemplate":"https:\/\/www.huurreiberica.com\/pt-pt\/?s={search_term_string}"},"query-input":{"@type":"PropertyValueSpecification","valueRequired":true,"valueName":"search_term_string"}}],"inLanguage":"pt-PT"}]}},"_links":{"self":[{"href":"https:\/\/www.huurreiberica.com\/pt-pt\/wp-json\/wp\/v2\/proyecto\/8935","targetHints":{"allow":["GET"]}}],"collection":[{"href":"https:\/\/www.huurreiberica.com\/pt-pt\/wp-json\/wp\/v2\/proyecto"}],"about":[{"href":"https:\/\/www.huurreiberica.com\/pt-pt\/wp-json\/wp\/v2\/types\/proyecto"}],"version-history":[{"count":3,"href":"https:\/\/www.huurreiberica.com\/pt-pt\/wp-json\/wp\/v2\/proyecto\/8935\/revisions"}],"predecessor-version":[{"id":21367,"href":"https:\/\/www.huurreiberica.com\/pt-pt\/wp-json\/wp\/v2\/proyecto\/8935\/revisions\/21367"}],"wp:featuredmedia":[{"embeddable":true,"href":"https:\/\/www.huurreiberica.com\/pt-pt\/wp-json\/wp\/v2\/media\/4042"}],"wp:attachment":[{"href":"https:\/\/www.huurreiberica.com\/pt-pt\/wp-json\/wp\/v2\/media?parent=8935"}],"wp:term":[{"taxonomy":"categoria-proyecto","embeddable":true,"href":"https:\/\/www.huurreiberica.com\/pt-pt\/wp-json\/wp\/v2\/categoria-proyecto?post=8935"}],"curies":[{"name":"wp","href":"https:\/\/api.w.org\/{rel}","templated":true}]}}

<p>O Dolce Vita, um centro comercial com 11 000 m² situado em Portugal, incorporou o painel de fachada liso <a href="https://www.huurreiberica.com/pt-pt/produto/painel-hi-st-fachada/" target="_blank" rel="noreferrer noopener">HI-STL</a> no revestimento do edifício. Esta solução contribui para uma estética uniforme e contemporânea. O acabamento liso do painel permitiu criar uma imagem exterior moderna e coerente, adaptada às necessidades de um espaço comercial de grande escala.</p>

<!-- This site is optimized with the Yoast SEO plugin v27.3 - https://yoast.com/product/yoast-seo-wordpress/ -->
<title>Projetos Huurre - Centro Comercial Dolce Vita</title>
<meta name="description" content="O Dolce Vita, um centro comercial com 11 000 m² situado em Portugal, incorporou o painel de fachada liso HI-STL na envolvente do edifício." />
<meta name="robots" content="index, follow, max-snippet:-1, max-image-preview:large, max-video-preview:-1" />
<link rel="canonical" href="https://www.huurreiberica.com/pt-pt/projeto/dolce-vita/" />
<meta property="og:locale" content="pt_PT" />
<meta property="og:type" content="article" />
<meta property="og:title" content="Projetos Huurre - Centro Comercial Dolce Vita" />
<meta property="og:description" content="O Dolce Vita, um centro comercial com 11 000 m² situado em Portugal, incorporou o painel de fachada liso HI-STL na envolvente do edifício." />
<meta property="og:url" content="https://www.huurreiberica.com/pt-pt/projeto/dolce-vita/" />
<meta property="og:site_name" content="Huurre" />
<meta property="article:modified_time" content="2026-08-13T08:37:44+00:00" />
<meta property="og:image" content="https://www.huurreiberica.com/wp-content/uploads/2024/02/DolceVita1-4.jpg" />
	<meta property="og:image:width" content="1800" />
	<meta property="og:image:height" content="1200" />
	<meta property="og:image:type" content="image/jpeg" />
<meta name="twitter:card" content="summary_large_image" />
<meta name="twitter:label1" content="Tempo estimado de leitura" />
	<meta name="twitter:data1" content="1 minuto" />
<script type="application/ld+json" class="yoast-schema-graph">{"@context":"https:\/\/schema.org","@graph":[{"@type":"WebPage","@id":"https:\/\/www.huurreiberica.com\/pt-pt\/projeto\/dolce-vita\/","url":"https:\/\/www.huurreiberica.com\/pt-pt\/projeto\/dolce-vita\/","name":"Projetos Huurre - Centro Comercial Dolce Vita","isPartOf":{"@id":"https:\/\/www.huurreiberica.com\/pt-pt\/#website"},"primaryImageOfPage":{"@id":"https:\/\/www.huurreiberica.com\/pt-pt\/projeto\/dolce-vita\/#primaryimage"},"image":{"@id":"https:\/\/www.huurreiberica.com\/pt-pt\/projeto\/dolce-vita\/#primaryimage"},"thumbnailUrl":"https:\/\/www.huurreiberica.com\/wp-content\/uploads\/2024\/02\/DolceVita1-4.jpg","datePublished":"2024-11-26T12:29:55+00:00","dateModified":"2026-08-13T08:37:44+00:00","description":"O Dolce Vita, um centro comercial com 11 000 m² situado em Portugal, incorporou o painel de fachada liso HI-STL na envolvente do edifício.","breadcrumb":{"@id":"https:\/\/www.huurreiberica.com\/pt-pt\/projeto\/dolce-vita\/#breadcrumb"},"inLanguage":"pt-PT","potentialAction":[{"@type":"ReadAction","target":["https:\/\/www.huurreiberica.com\/pt-pt\/projeto\/dolce-vita\/"]}]},{"@type":"ImageObject","inLanguage":"pt-PT","@id":"https:\/\/www.huurreiberica.com\/pt-pt\/projeto\/dolce-vita\/#primaryimage","url":"https:\/\/www.huurreiberica.com\/wp-content\/uploads\/2024\/02\/DolceVita1-4.jpg","contentUrl":"https:\/\/www.huurreiberica.com\/wp-content\/uploads\/2024\/02\/DolceVita1-4.jpg","width":1800,"height":1200},{"@type":"BreadcrumbList","@id":"https:\/\/www.huurreiberica.com\/pt-pt\/projeto\/dolce-vita\/#breadcrumb","itemListElement":[{"@type":"ListItem","position":1,"name":"Home","item":"https:\/\/www.huurreiberica.com\/pt-pt\/"},{"@type":"ListItem","position":2,"name":"Proyectos","item":"https:\/\/www.huurreiberica.com\/pt-pt\/projeto\/"},{"@type":"ListItem","position":3,"name":"Comercial","item":"https:\/\/www.huurreiberica.com\/pt-pt\/categoria-projeto\/comercial-pt\/"},{"@type":"ListItem","position":4,"name":"Dolce vita"}]},{"@type":"WebSite","@id":"https:\/\/www.huurreiberica.com\/pt-pt\/#website","url":"https:\/\/www.huurreiberica.com\/pt-pt\/","name":"Huurre","description":"Paneles aislantes para edificios eficientes y sostenibles | Fabricamos paneles para fachadas, paredes interiores,","potentialAction":[{"@type":"SearchAction","target":{"@type":"EntryPoint","urlTemplate":"https:\/\/www.huurreiberica.com\/pt-pt\/?s={search_term_string}"},"query-input":{"@type":"PropertyValueSpecification","valueRequired":true,"valueName":"search_term_string"}}],"inLanguage":"pt-PT"}]}</script>
<!-- / Yoast SEO plugin. -->

O Dolce Vita, um centro comercial com 11 000 m² situado em Portugal, incorporou o painel de fachada liso HI-STL na envolvente do edifício.
